{"id":126,"date":"2020-02-12T12:09:56","date_gmt":"2020-02-12T12:09:56","guid":{"rendered":"https:\/\/www.mastuotanto.fi\/?page_id=126"},"modified":"2020-02-18T18:56:45","modified_gmt":"2020-02-18T18:56:45","slug":"automaattinen-luonnos-3","status":"publish","type":"page","link":"https:\/\/www.mastuotanto.fi\/?page_id=126","title":{"rendered":"Tuotteet"},"content":{"rendered":"<p>[et_pb_section fb_built=&#8221;1&#8243; next_background_color=&#8221;#ffffff&#8221; admin_label=&#8221;Hero&#8221; _builder_version=&#8221;3.26.3&#8243; use_background_color_gradient=&#8221;on&#8221; background_color_gradient_start=&#8221;#283d4b&#8221; background_color_gradient_end=&#8221;rgba(128,103,79,0.5)&#8221; background_color_gradient_direction=&#8221;70deg&#8221; background_color_gradient_overlays_image=&#8221;on&#8221; background_image=&#8221;https:\/\/www.mastuotanto.fi\/wp-content\/uploads\/2020\/02\/matto1_600-1.jpg&#8221; custom_margin=&#8221;||0%|||&#8221; custom_padding=&#8221;6vw|||&#8221; bottom_divider_style=&#8221;mountains2&#8243; bottom_divider_height=&#8221;20vw&#8221; bottom_divider_repeat=&#8221;0.5x&#8221; bottom_divider_flip=&#8221;horizontal|vertical&#8221;][et_pb_row custom_padding=&#8221;27px|0px|0|0px|false|false&#8221; custom_margin=&#8221;|||&#8221; _builder_version=&#8221;3.25&#8243;][et_pb_column type=&#8221;4_4&#8243; _builder_version=&#8221;3.25&#8243; custom_padding=&#8221;|||&#8221; custom_padding__hover=&#8221;|||&#8221;][et_pb_text _builder_version=&#8221;3.26.3&#8243; text_font=&#8221;||||||||&#8221; header_font=&#8221;Josefin Sans|700|||||||&#8221; header_font_size=&#8221;90px&#8221; header_line_height=&#8221;1.4em&#8221; header_2_font=&#8221;Josefin Sans||||||||&#8221; header_2_text_color=&#8221;rgba(255,255,255,0.6)&#8221; header_2_font_size=&#8221;32px&#8221; header_2_line_height=&#8221;1.4em&#8221; background_layout=&#8221;dark&#8221; animation_style=&#8221;slide&#8221; animation_direction=&#8221;right&#8221; animation_intensity_slide=&#8221;4%&#8221; header_font_size_tablet=&#8221;50px&#8221; header_font_size_phone=&#8221;32px&#8221; header_font_size_last_edited=&#8221;on|desktop&#8221; header_2_font_size_phone=&#8221;24px&#8221; header_2_font_size_last_edited=&#8221;on|phone&#8221;]<\/p>\n<h1>Tuotteet<\/h1>\n<p>[\/et_pb_text][\/et_pb_column][\/et_pb_row][et_pb_row column_structure=&#8221;1_2,1_2&#8243; custom_padding=&#8221;0|0px|27px|0px|false|false&#8221; _builder_version=&#8221;3.25&#8243; locked=&#8221;off&#8221;][et_pb_column type=&#8221;1_2&#8243; _builder_version=&#8221;3.25&#8243; custom_padding=&#8221;|||&#8221; custom_padding__hover=&#8221;|||&#8221;][et_pb_text _builder_version=&#8221;3.26.3&#8243;]<\/p>\n<h2>T\u00e4\u00e4lt\u00e4 l\u00f6yd\u00e4t lis\u00e4tietoja tuotteistamme.<\/h2>\n<p>[\/et_pb_text][\/et_pb_column][et_pb_column type=&#8221;1_2&#8243; _builder_version=&#8221;3.25&#8243; custom_padding=&#8221;|||&#8221; custom_padding__hover=&#8221;|||&#8221;][\/et_pb_column][\/et_pb_row][\/et_pb_section][et_pb_section fb_built=&#8221;1&#8243; module_id=&#8221;kiinteistokalusteet&#8221; _builder_version=&#8221;3.26.3&#8243; min_height=&#8221;761px&#8221;][et_pb_row _builder_version=&#8221;3.26.3&#8243; animation_direction=&#8221;right&#8221;][et_pb_column type=&#8221;4_4&#8243; _builder_version=&#8221;3.25&#8243; custom_padding=&#8221;|||&#8221; custom_padding__hover=&#8221;|||&#8221;][et_pb_blurb title=&#8221;Kiinteist\u00f6kalusteet&#8221; use_icon=&#8221;on&#8221; font_icon=&#8221;%%202%%&#8221; icon_color=&#8221;#bdad9b&#8221; icon_placement=&#8221;left&#8221; use_icon_font_size=&#8221;on&#8221; icon_font_size=&#8221;30px&#8221; _builder_version=&#8221;3.26.3&#8243; header_font=&#8221;Josefin Sans||on||||||&#8221; body_font=&#8221;||||||||&#8221; body_font_size=&#8221;16px&#8221; body_line_height=&#8221;1em&#8221; custom_margin=&#8221;||40px|||&#8221; animation_style=&#8221;slide&#8221; animation_direction=&#8221;right&#8221; animation_intensity_slide=&#8221;4%&#8221; animation=&#8221;off&#8221; locked=&#8221;off&#8221;]Kotimaiset kiinteist\u00f6kalusteet taloyhti\u00f6ille.[\/et_pb_blurb][et_pb_gallery gallery_ids=&#8221;242,243,213,214,215,217,216,218,219,220,221,222,223,224,225,226,227,228,229,237,238,239,240,241,236,245,211,390&#8243; posts_number=&#8221;8&#8243; show_title_and_caption=&#8221;off&#8221; admin_label=&#8221;kiinteistokalusteet&#8221; _builder_version=&#8221;3.26.3&#8243; custom_margin=&#8221;||-3px|||&#8221;][\/et_pb_gallery][\/et_pb_column][\/et_pb_row][\/et_pb_section][et_pb_section fb_built=&#8221;1&#8243; module_id=&#8221;matot&#8221; _builder_version=&#8221;3.26.3&#8243;][et_pb_row _builder_version=&#8221;3.26.3&#8243; animation_direction=&#8221;right&#8221;][et_pb_column type=&#8221;4_4&#8243; _builder_version=&#8221;3.25&#8243; custom_padding=&#8221;|||&#8221; custom_padding__hover=&#8221;|||&#8221;][et_pb_blurb title=&#8221;Matot&#8221; use_icon=&#8221;on&#8221; font_icon=&#8221;%%202%%&#8221; icon_color=&#8221;#bdad9b&#8221; icon_placement=&#8221;left&#8221; use_icon_font_size=&#8221;on&#8221; icon_font_size=&#8221;30px&#8221; _builder_version=&#8221;3.26.3&#8243; header_font=&#8221;Josefin Sans||on||||||&#8221; body_font=&#8221;||||||||&#8221; body_font_size=&#8221;16px&#8221; body_line_height=&#8221;1em&#8221; min_height=&#8221;337px&#8221; custom_margin=&#8221;||0px||false|false&#8221; custom_padding=&#8221;0px||40px||false|false&#8221; animation_style=&#8221;slide&#8221; animation_direction=&#8221;right&#8221; animation_intensity_slide=&#8221;4%&#8221; animation=&#8221;off&#8221; locked=&#8221;off&#8221;]<\/p>\n<ul>\n<li>Tuulikaappi- ritil\u00e4matot, ovensuumatot<\/li>\n<li>Porrask\u00e4yt\u00e4v\u00e4- tekstiilimatot<\/li>\n<li>Kosteantilanmatot, ty\u00f6pistematot<\/li>\n<li>Erikoismatot<\/li>\n<\/ul>\n<p align=\"left\" class=\"style2\">Kest\u00e4\u00e4 kulutusta, helppo huoltaa (imurointi tai harjaus). Tarvittaessa vesipesu.<br \/> Pysyy paikallaan, nurkat ei taivu yl\u00f6sp\u00e4in. Eri leveyksi\u00e4 ja erilaisia v\u00e4ris\u00e4vyj\u00e4.<\/p>\n<p>Toimitetaan paikalleen asennettuna tai m\u00e4\u00e4r\u00e4mittaan tehtyn\u00e4 asiakkaan tarpeiden mukaan.<\/p>\n<p align=\"left\" class=\"style2\">Toimimme yhteisty\u00f6ss\u00e4 kaikkien kotimaisten toimijoiden<span>\u00a0<\/span>kanssa.<\/p>\n<p align=\"left\" class=\"style3\">Meilt\u00e4 my\u00f6s Nitriilikumimatot.<\/p>\n<p>[\/et_pb_blurb][et_pb_gallery gallery_ids=&#8221;157,158,159,161,162,163,164,165,166,167,168,169,170,171,172,173,175,176,177,178,179,180,181,182,183,184,185,186,187,188,189,190,191,192,193,194&#8243; posts_number=&#8221;8&#8243; show_title_and_caption=&#8221;off&#8221; admin_label=&#8221;matot&#8221; _builder_version=&#8221;3.26.3&#8243; custom_padding=&#8221;0px|||||&#8221;][\/et_pb_gallery][\/et_pb_column][\/et_pb_row][\/et_pb_section][et_pb_section fb_built=&#8221;1&#8243; module_id=&#8221;matot_kotiin&#8221; _builder_version=&#8221;3.26.3&#8243;][et_pb_row _builder_version=&#8221;3.26.3&#8243; animation_direction=&#8221;right&#8221;][et_pb_column type=&#8221;4_4&#8243; _builder_version=&#8221;3.25&#8243; custom_padding=&#8221;|||&#8221; custom_padding__hover=&#8221;|||&#8221;][et_pb_blurb title=&#8221;Matot kotiin&#8221; use_icon=&#8221;on&#8221; font_icon=&#8221;%%202%%&#8221; icon_color=&#8221;#bdad9b&#8221; icon_placement=&#8221;left&#8221; use_icon_font_size=&#8221;on&#8221; icon_font_size=&#8221;30px&#8221; _builder_version=&#8221;3.26.3&#8243; header_font=&#8221;Josefin Sans||on||||||&#8221; body_font=&#8221;||||||||&#8221; body_font_size=&#8221;16px&#8221; body_line_height=&#8221;1em&#8221; custom_margin=&#8221;||40px|||&#8221; animation_style=&#8221;slide&#8221; animation_direction=&#8221;right&#8221; animation_intensity_slide=&#8221;4%&#8221; animation=&#8221;off&#8221; locked=&#8221;off&#8221;]Kotimaiset ja laadukkaat matot ja puunkantokassit kotitalouksiin. N\u00e4m\u00e4 l\u00f6yd\u00e4t markkinoilta tai toreilta, seuraa ilmoitteluamme.[\/et_pb_blurb][et_pb_gallery gallery_ids=&#8221;294,295,296,341&#8243; show_title_and_caption=&#8221;off&#8221; admin_label=&#8221;matot_kotiin&#8221; _builder_version=&#8221;3.26.3&#8243;][\/et_pb_gallery][\/et_pb_column][\/et_pb_row][\/et_pb_section][et_pb_section fb_built=&#8221;1&#8243; module_id=&#8221;tori&#8221; _builder_version=&#8221;3.26.3&#8243;][et_pb_row _builder_version=&#8221;3.26.3&#8243; animation_direction=&#8221;right&#8221;][et_pb_column type=&#8221;4_4&#8243; _builder_version=&#8221;3.25&#8243; custom_padding=&#8221;|||&#8221; custom_padding__hover=&#8221;|||&#8221;][et_pb_blurb title=&#8221;Tori tuotteet&#8221; use_icon=&#8221;on&#8221; font_icon=&#8221;%%202%%&#8221; icon_color=&#8221;#bdad9b&#8221; icon_placement=&#8221;left&#8221; use_icon_font_size=&#8221;on&#8221; icon_font_size=&#8221;30px&#8221; _builder_version=&#8221;3.26.3&#8243; header_font=&#8221;Josefin Sans||on||||||&#8221; body_font=&#8221;||||||||&#8221; body_font_size=&#8221;16px&#8221; body_line_height=&#8221;1em&#8221; custom_margin=&#8221;||40px|||&#8221; animation_style=&#8221;slide&#8221; animation_direction=&#8221;right&#8221; animation_intensity_slide=&#8221;4%&#8221; animation=&#8221;off&#8221; locked=&#8221;off&#8221;]Muikut torimyyntipaikaltamme kes\u00e4aikaan, seuraa ilmoittelua Facebookissa.[\/et_pb_blurb][\/et_pb_column][\/et_pb_row][et_pb_row column_structure=&#8221;1_2,1_2&#8243; _builder_version=&#8221;3.26.3&#8243;][et_pb_column type=&#8221;1_2&#8243; _builder_version=&#8221;3.26.3&#8243;][et_pb_image src=&#8221;https:\/\/www.mastuotanto.fi\/wp-content\/uploads\/2020\/02\/IMG_2564.jpg&#8221; align=&#8221;center&#8221; _builder_version=&#8221;3.26.3&#8243;][\/et_pb_image][\/et_pb_column][et_pb_column type=&#8221;1_2&#8243; _builder_version=&#8221;3.26.3&#8243;][et_pb_image src=&#8221;https:\/\/www.mastuotanto.fi\/wp-content\/uploads\/2020\/02\/IMG_2520.jpg&#8221; _builder_version=&#8221;3.26.3&#8243;][\/et_pb_image][\/et_pb_column][\/et_pb_row][\/et_pb_section][et_pb_section fb_built=&#8221;1&#8243; admin_label=&#8221;Footer&#8221; _builder_version=&#8221;3.26.3&#8243;][et_pb_row column_structure=&#8221;1_3,1_3,1_3&#8243; custom_padding=&#8221;|||&#8221; _builder_version=&#8221;3.26.3&#8243;][et_pb_column type=&#8221;1_3&#8243; _builder_version=&#8221;3.25&#8243; custom_padding=&#8221;|||&#8221; custom_padding__hover=&#8221;|||&#8221;][et_pb_blurb title=&#8221;Varastomyym\u00e4l\u00e4 paikalla ennalta sovitusti&#8221; use_icon=&#8221;on&#8221; font_icon=&#8221;%%236%%&#8221; icon_color=&#8221;#f47a55&#8243; use_icon_font_size=&#8221;on&#8221; icon_font_size=&#8221;32px&#8221; _builder_version=&#8221;3.26.3&#8243; header_font=&#8221;Josefin Sans|700||on|||||&#8221; header_text_align=&#8221;center&#8221; body_font=&#8221;Open Sans||||||||&#8221; body_text_align=&#8221;center&#8221; body_font_size=&#8221;18px&#8221;]Raatekankaantie 14, 80100 Joensuu[\/et_pb_blurb][\/et_pb_column][et_pb_column type=&#8221;1_3&#8243; _builder_version=&#8221;3.25&#8243; custom_padding=&#8221;|||&#8221; custom_padding__hover=&#8221;|||&#8221;][et_pb_blurb title=&#8221;PUHELIN&#8221; use_icon=&#8221;on&#8221; font_icon=&#8221;%%264%%&#8221; icon_color=&#8221;#f47a55&#8243; use_icon_font_size=&#8221;on&#8221; icon_font_size=&#8221;32px&#8221; _builder_version=&#8221;3.26.3&#8243; header_font=&#8221;Josefin Sans|700||on|||||&#8221; header_text_align=&#8221;center&#8221; body_font=&#8221;Open Sans||||||||&#8221; body_text_align=&#8221;center&#8221; body_font_size=&#8221;18px&#8221; animation_style=&#8221;fold&#8221; animation_direction=&#8221;left&#8221; animation_delay=&#8221;200ms&#8221; animation_intensity_fold=&#8221;20%&#8221;]0500-170827[\/et_pb_blurb][\/et_pb_column][et_pb_column type=&#8221;1_3&#8243; _builder_version=&#8221;3.25&#8243; custom_padding=&#8221;|||&#8221; custom_padding__hover=&#8221;|||&#8221;][et_pb_blurb title=&#8221;S\u00c4HK\u00d6POSTI&#8221; use_icon=&#8221;on&#8221; font_icon=&#8221;%%238%%&#8221; icon_color=&#8221;#f47a55&#8243; use_icon_font_size=&#8221;on&#8221; icon_font_size=&#8221;32px&#8221; _builder_version=&#8221;3.26.3&#8243; header_font=&#8221;Josefin Sans|700||on|||||&#8221; header_text_align=&#8221;center&#8221; body_font=&#8221;Open Sans||||||||&#8221; body_text_align=&#8221;center&#8221; body_font_size=&#8221;18px&#8221; animation_style=&#8221;fold&#8221; animation_direction=&#8221;left&#8221; animation_delay=&#8221;200ms&#8221; animation_intensity_fold=&#8221;20%&#8221;]mas@mastuotanto.fi[\/et_pb_blurb][\/et_pb_column][\/et_pb_row][\/et_pb_section]<\/p>\n","protected":false},"excerpt":{"rendered":"<p>TuotteetT\u00e4\u00e4lt\u00e4 l\u00f6yd\u00e4t lis\u00e4tietoja tuotteistamme.Kotimaiset kiinteist\u00f6kalusteet taloyhti\u00f6ille. Tuulikaappi- ritil\u00e4matot, ovensuumatot Porrask\u00e4yt\u00e4v\u00e4- tekstiilimatot Kosteantilanmatot, ty\u00f6pistematot Erikoismatot Kest\u00e4\u00e4 kulutusta, helppo huoltaa (imurointi tai harjaus). Tarvittaessa vesipesu. Pysyy paikallaan, nurkat ei taivu yl\u00f6sp\u00e4in. Eri leveyksi\u00e4 ja erilaisia v\u00e4ris\u00e4vyj\u00e4. Toimitetaan paikalleen asennettuna tai m\u00e4\u00e4r\u00e4mittaan tehtyn\u00e4 asiakkaan tarpeiden mukaan. Toimimme yhteisty\u00f6ss\u00e4 kaikkien kotimaisten toimijoiden\u00a0kanssa. Meilt\u00e4 my\u00f6s Nitriilikumimatot.Kotimaiset ja laadukkaat matot ja [&hellip;]<\/p>\n","protected":false},"author":1,"featured_media":0,"parent":0,"menu_order":0,"comment_status":"closed","ping_status":"closed","template":"","meta":{"_et_pb_use_builder":"on","_et_pb_old_content":"","_et_gb_content_width":""},"_links":{"self":[{"href":"https:\/\/www.mastuotanto.fi\/index.php?rest_route=\/wp\/v2\/pages\/126"}],"collection":[{"href":"https:\/\/www.mastuotanto.fi\/index.php?rest_route=\/wp\/v2\/pages"}],"about":[{"href":"https:\/\/www.mastuotanto.fi\/index.php?rest_route=\/wp\/v2\/types\/page"}],"author":[{"embeddable":true,"href":"https:\/\/www.mastuotanto.fi\/index.php?rest_route=\/wp\/v2\/users\/1"}],"replies":[{"embeddable":true,"href":"https:\/\/www.mastuotanto.fi\/index.php?rest_route=%2Fwp%2Fv2%2Fcomments&post=126"}],"version-history":[{"count":68,"href":"https:\/\/www.mastuotanto.fi\/index.php?rest_route=\/wp\/v2\/pages\/126\/revisions"}],"predecessor-version":[{"id":391,"href":"https:\/\/www.mastuotanto.fi\/index.php?rest_route=\/wp\/v2\/pages\/126\/revisions\/391"}],"wp:attachment":[{"href":"https:\/\/www.mastuotanto.fi\/index.php?rest_route=%2Fwp%2Fv2%2Fmedia&parent=126"}],"curies":[{"name":"wp","href":"https:\/\/api.w.org\/{rel}","templated":true}]}}